{"id":1234,"date":"2014-05-13T04:25:47","date_gmt":"2014-05-13T07:25:47","guid":{"rendered":"https:\/\/tec-screen.com.br\/?page_id=1234"},"modified":"2019-11-27T12:31:12","modified_gmt":"2019-11-27T15:31:12","slug":"neocoat","status":"publish","type":"page","link":"http:\/\/tec-screen.com.br\/?page_id=1234","title":{"rendered":"Neocoat"},"content":{"rendered":"<h1>Durabilidade e prote\u00e7\u00e3o<\/h1>\n<div id=\"produtos\">\n<div class=\"destaque\">\n<div class=\"text\">\n<p>O Premium Neocoat \u00e9 um produto a base de \u00e1gua pronto para o uso. Funciona como um verniz protetor de impress\u00f5es digitais, contra a\u00e7\u00e3o de intemp\u00e9ries, seu grande diferencial \u00e9 sua resist\u00eancia a abrasivos com a adi\u00e7\u00e3o do endurecedor (IJ11.580).<\/p>\n<p>O produto pode ser aplicado de diversas formas: Com rev\u00f3lver de pintura, esp\u00e1tula (sistema boneca), rolo de espuma ou l\u00e3, pincel, entre outros. Obs.: Recomendamos testes pr\u00e9vios.<\/p>\n<\/div>\n<div class=\"clear\"><\/div>\n<\/div>\n<div class=\"footer\">\n<div class=\"codigos\">\n<div class=\"titulo\">\n<h2>C\u00f3digos:<\/h2>\n<ul>\n<li>IJ9.423 &#8211; Verniz Brilhante<\/li>\n<li>IJ11.577 &#8211; Verniz Fosco Anti-Risco<\/li>\n<li>IJ11.580 &#8211; Endurecedor<\/li>\n<\/ul>\n<\/div>\n<div class=\"revenda\"><\/div>\n<div class=\"contato\">\n<\/div>\n<\/div>\n<div class=\"video\"><\/div>\n<\/div>\n<\/div>\n","protected":false},"excerpt":{"rendered":"<p>Durabilidade e prote\u00e7\u00e3o O Premium Neocoat \u00e9 um produto a base de \u00e1gua pronto para o uso. Funciona como um verniz protetor de impress\u00f5es digitais, contra a\u00e7\u00e3o de intemp\u00e9ries, seu grande diferencial \u00e9 sua resist\u00eancia a abrasivos com a adi\u00e7\u00e3o do endurecedor (IJ11.580). O produto pode ser aplicado de diversas formas: Com rev\u00f3lver de pintura, [&hellip;]<\/p>\n","protected":false},"author":1,"featured_media":0,"parent":528,"menu_order":0,"comment_status":"closed","ping_status":"closed","template":"","meta":[],"_links":{"self":[{"href":"http:\/\/tec-screen.com.br\/index.php?rest_route=\/wp\/v2\/pages\/1234"}],"collection":[{"href":"http:\/\/tec-screen.com.br\/index.php?rest_route=\/wp\/v2\/pages"}],"about":[{"href":"http:\/\/tec-screen.com.br\/index.php?rest_route=\/wp\/v2\/types\/page"}],"author":[{"embeddable":true,"href":"http:\/\/tec-screen.com.br\/index.php?rest_route=\/wp\/v2\/users\/1"}],"replies":[{"embeddable":true,"href":"http:\/\/tec-screen.com.br\/index.php?rest_route=%2Fwp%2Fv2%2Fcomments&post=1234"}],"version-history":[{"count":10,"href":"http:\/\/tec-screen.com.br\/index.php?rest_route=\/wp\/v2\/pages\/1234\/revisions"}],"predecessor-version":[{"id":3998,"href":"http:\/\/tec-screen.com.br\/index.php?rest_route=\/wp\/v2\/pages\/1234\/revisions\/3998"}],"up":[{"embeddable":true,"href":"http:\/\/tec-screen.com.br\/index.php?rest_route=\/wp\/v2\/pages\/528"}],"wp:attachment":[{"href":"http:\/\/tec-screen.com.br\/index.php?rest_route=%2Fwp%2Fv2%2Fmedia&parent=1234"}],"curies":[{"name":"wp","href":"https:\/\/api.w.org\/{rel}","templated":true}]}}